ons digit of 109114546?
9
What is the millions digit of 337560253?
7
What is the units digit of 745293306?
6
What is the tens digit of 5926684?
8
What is the hundreds digit of 138188269?
2
What is the ten millions digit of 435301538?
3
What is the millions digit of 84929042?
4
What is the hundred thousands digit of 550693768?
6
What is the millions digit of 5317718074?
7
What is the billions digit of 1607756332?
1
What is the thousands digit of 9656160?
6
What is the billions digit of 1967213011?
1
What is the hundreds digit of 190517638?
6
What is the tens digit of 26799032?
3
What is the millions digit of 272395025?
2
What is the ten millions digit of 664565515?
6
What is the ten thousands digit of 1263488996?
8
What is the millions digit of 267715518?
7
What is the thousands digit of 11882369?
2
What is the hundred thousands digit of 18710885?
7
What is the thousands digit of 2057612991?
2
What is the hundred thousands digit of 873624104?
6
What is the ten millions digit of 719655691?
1
What is the millions digit of 298249413?
8
What is the tens digit of 311746183?
8
What is the hundred thousands digit of 45198253?
1
What is the ten thousands digit of 239158781?
5
What is the thousands digit of 631451617?
1
What is the ten millions digit of 79495601?
7
What is the hundreds digit of 139576212?
2
What is the hundred thousands digit of 31254648?
2
What is the hundred thousands digit of 511722865?
7
What is the thousands digit of 125267022?
7
What is the hundreds digit of 2210821319?
3
What is the tens digit of 46710799?
9
What is the millions digit of 765694577?
5
What is the hundred millions digit of 1220296865?
2
What is the tens digit of 4943870766?
6
What is the ten millions digit of 37796381?
3
What is the hundred thousands digit of 186872567?
8
What is the hundreds digit of 55491265?
2
What is the ten thousands digit of 4731362456?
6
What is the hundred thousands digit of 469032535?
0
What is the units digit of 316382852?
2
What is the tens digit of 185366889?
8
What is the ten thousands digit of 100834467?
3
What is the hundred thousands digit of 243019269?
0
What is the ten millions digit of 308556402?
0
What is the thousands digit of 322806965?
6
What is the tens digit of 52251480?
8
What is the ten thousands digit of 201654112?
5
What is the units digit of 3187267286?
6
What is the ten millions digit of 4998268452?
9
What is the hundreds digit of 85949552?
5
What is the ten thousands digit of 221664477?
6
What is the thousands digit of 1179402584?
2
What is the hundred millions digit of 3785248105?
7
What is the tens digit of 61535212?
1
What is the hundred thousands digit of 154338224?
3
What is the hundred thousands digit of 94873226?
8
What is the ten thousands digit of 39830882?
3
What is the hundred millions digit of 1523873450?
5
What is the tens digit of 428701098?
9
What is the tens digit of 79800982?
8
What is the ten millions digit of 91901797?
9
What is the units digit of 54290092?
2
What is the thousands digit of 4022970?
2
What is the millions digit of 244973652?
4
What is the hundred millions digit of 117122724?
1
What is the billions digit of 1185294420?
1
What is the ten thousands digit of 45955412?
5
What is the thousands digit of 59493398?
3
What is the hundred thousands digit of 22281933?
2
What is the tens digit of 12702736?
3
What is the hundred thousands digit of 860503111?
5
What is the millions digit of 33666360?
3
What is the hundreds digit of 414893471?
4
What is the units digit of 1142988177?
7
What is the thousands digit of 197372059?
2
What is the thousands digit of 64043217?
3
What is the ten millions digit of 228769767?
2
What is the ten millions digit of 159625151?
5
What is the tens digit of 8649559?
5
What is the thousands digit of 1708928?
8
What is the hundred millions digit of 292610577?
2
What is the hundred thousands digit of 2811365168?
3
What is the thousands digit of 1280803030?
3
What is the ten thousands digit of 67370039?
7
What is the ten thousands digit of 218209841?
0
What is the tens digit of 387178601?
0
What is the units digit of 316295023?
3
What is the ten millions digit of 32538221?
3
What is the hundred millions digit of 1382766986?
3
What is the tens digit of 4380308999?
9
What is the hundred thousands digit of 61573623?
5
What is the ten millions digit of 51313810?
5
What is the hundreds digit of 908442905?
9
What is the units digit of 1919538129?
9
What is the hundred thousands digit of 516260067?
2
What is the thousands digit of 79448164?
8
What is the millions digit of 104540892?
4
What is the hundred thousands digit of 98520420?
5
What is the ten millions digit of 490888981?
9
What is the ten millions digit of 2295633905?
9
What is the millions digit of 67465305?
7
What is the hundreds digit of 65725386?
3
What is the millions digit of 216806370?
6
What is the hundred millions digit of 501114732?
5
What is the tens digit of 7482043420?
2
What is the hundred thousands digit of 182978059?
9
What is the ten thousands digit of 158435707?
3
What is the tens digit of 399259821?
2
What is the ten millions digit of 97356437?
9
What is the hundred millions digit of 2358264062?
3
What is the hundred thousands digit of 40695703?
6
What is the hundred thousands digit of 77719624?
7
What is the hundreds digit of 29621870?
8
What is the ten thousands digit of 1626662846?
6
What is the units digit of 1619249294?
4
What is the hundreds digit of 2458532971?
9
What is the tens digit of 44062943?
4
What is the units digit of 928518786?
6
What is the hundred millions digit of 350877896?
3
What is the thousands digit of 69575816?
5
What is the hundreds digit of 18387798?
7
What is the hundred thousands digit of 74414479?
4
What is the units digit of 1391552722?
2
What is the billions digit of 2693644603?
2
What is the units digit of 101822036?
6
What is the ten thousands digit of 122512031?
1
What is the hundred thousands digit of 624775813?
7
What is the billions digit of 1077162521?
1
What is the hundred thousands digit of 669056512?
0
What is the billions digit of 1528058826?
1
What is the thousands digit of 2725421323?
1
What is the billions digit of 1433015753?
1
What is the thousands digit of 84768636?
8
What is the thousands digit of 175192521?
2
What is the hundred thousands digit of 252332243?
3
What is the hundreds digit of 384078306?
3
What is the ten millions digit of 143656539?
4
What is the hundred thousands digit of 248390055?
3
What is the hundreds digit of 127466503?
5
What is the ten millions digit of 184463825?
8
What is the millions digit of 2578249848?
8
What is the hundreds digit of 258132809?
8
What is the tens digit of 92649140?
4
What is the hundred thousands digit of 106874365?
8
What is the hundred millions digit of 473691225?
4
What is the ten millions digit of 446453772?
4
What is the ten thousands digit of 24314326?
1
What is the tens digit of 77213575?
7
What is the ten thousands digit of 448674914?
7
What is the units digit of 3476522611?
1
What is the ten thousands digit of 3474700969?
0
What is the hundred millions digit of 214072332?
2
What is the hundreds digit of 74782625?
6
What is the thousands digit of 3913811?
3
What is the ten thousands digit of 2213113?
1
What is the hundred millions digit of 1987469383?
9
What is the ten millions digit of 793656730?
9
What is the ten millions digit of 403588658?
0
What is the hundred thousands digit of 23727129?
7
What is the hundreds digit of 68385099?
0
What is the hundreds digit of 98236295?
2
What is the thousands digit of 8047741678?
1
What is the units digit of 94892969?
9
What is the hundred thousands digit of 102362131?
3
What is the thousands digit of 701615318?
5
What is the billions digit of 3724694648?
3
What is the hundreds digit of 32765233?
2
What is the ten thousands digit of 276960434?
6
What is the hundred millions digit of 8136561391?
1
What is the tens digit of 69845133?
3
What is the tens digit of 143677785?
8
What is the ten thousands digit of 2714819966?
1
What is the hundred thousands digit of 115523417?
5
What is the thousands digit of 386790853?
0
What is the units digit of 55439239?
9
What is the hundreds digit of 359893362?
3
What is the ten thousands digit of 204973888?
7
What is the 